 5*b + 1. Let p(r) = 4*f(r) - 3*i(r). What is the remainder when 21 is divided by p(-1)?
9
Let b(p) = -3*p + 22. Let t = 41 + -25. Suppose c = -2*a + t, -a = a - 5*c - 16. What is the remainder when b(-3) is divided by a?
7
Let b = 316 - 95. What is the remainder when b is divided by 28?
25
Let d = 470 - 462. Calculate the remainder when d is divided by 8.
0
Let u(w) = 55*w - 19. What is the remainder when u(4) is divided by 95?
11
Let g(h) = -h**3 - 4*h**2 + 11*h + 62. What is the remainder when 52 is divided by g(-4)?
16
Let w(l) = -l**3 - 3*l**2 + 13. Calculate the remainder when 187 is divided by w(-5).
61
Suppose 3*l - 48 = -0*l. Suppose 5*u + l = g + 3*u, -3*g = 5*u - 92. Suppose -2*q + 33 = -61. What is the remainder when q is divided by g?
23
Let r(w) = w**2 + 13 + 9*w + w - 12 - w. Calculate the remainder when 43 is divided by r(-10).
10
Suppose -w - w - 138 = -j, 4*j - 497 = -3*w. Calculate the remainder when j is divided by 23.
13
Suppose -5*o + 18 = 23. Let i be 0/(2 - (o + 1)). Let a = 2 - i. What is the remainder when 7 is divided by a?
1
Suppose 19*s + 22*s - 2296 = 0. What is the remainder when 211 is divided by s?
43
Let f be 3 + -4 - (-1 - -72). Let t = 103 + f. Suppose 0 = -5*v + u + 11 + 71, 0 = v - 3*u - 22. What is the remainder when t is divided by v?
15
Suppose -3*y - 11 + 155 = 0. What is the remainder when 2/(-8) - (-492)/y is divided by 4?
2
Let w = 87 - 31. What is the remainder when w is divided by 5?
1
Let z(f) = -8*f - 4. Let h be z(-7). Suppose -2*u + h = -62. What is the remainder when u is divided by 15?
12
Let c be (-10 + 0)/1 - 1. Let q = -278 - -654. Calculate the remainder when (-6)/33 - q/c is divided by 12.
10
Suppose -5*q + 123 + 127 = 0. Suppose 53 = 5*a - 3*j, 0 = -4*a + j + j + 44. What is the remainder when q is divided by a?
11
Suppose 3*r + 34 = -2*p + 223, -2*r - 214 = -2*p. What is the remainder when p is divided by (3/(-6))/((-8)/208)?
11
Let x = 654 + -602. What is the remainder when 160 is divided by x?
4
Let c be (-149 + 28/(-4))*3/(-4). Let h = c + -66. Calculate the remainder when h is divided by 14.
9
Let j(l) = -l**2 - 6*l. Let c be j(-5). Suppose 11 = -2*x - 2*f + 3, c*x - 4*f + 38 = 0. What is the remainder when 58 is divided by x/((-4)/8*1)?
10
Suppose -14*r + 244 = -10*r. What is the remainder when 241 is divided by r?
58
Suppose 3*t + 26 - 109 = -4*g, -5*t + 110 = 5*g. Let f = 8 + g. Calculate the remainder when f is divided by (-2)/(1 + 1) + 8.
4
Suppose 564 = 12*f - 96. Calculate the remainder when f is divided by 17.
4
Suppose -3*y - s + 15 + 21 = 0, y - 10 = -s. Calculate the remainder when 634 is divided by y.
10
Suppose -42 = 2*c - 0*c + 3*t, -2*c = 4*t + 40. Let b be (-3)/12 - 606/c. Let v = b + -24. Calculate the remainder when 3 is divided by v.
0
Let a be 12/5*((3 - -31) + 1). Suppose 2*q = -5*g + 56, -2*q + 4*g = q - a. What is the remainder when q is divided by 5?
3
Suppose -4*m + 5*i = -2574, -m - 4*i = 70 - 724. Calculate the remainder when m is divided by 81.
79
Suppose -12*s + 9*s = 12. Calculate the remainder when (-62)/((5 + s)*-2) is divided by 17.
14
Let l be 8/28 - 24/(-14). Suppose l*p + 2*p - 112 = 0. Suppose 4*j + n - 76 = -p, 0 = -5*n - 20. What is the remainder when j is divided by 5?
3
What is the remainder when 62 is divided by 2/((-455)/(-112) + -4)?
30
Suppose -4*p - 3*v + 326 = -23, 82 = p - v. What is the remainder when p is divided by 23?
16
Let v = 21 - 17. Suppose p - 200 = -4*m, 90 = -v*m + 6*m + 3*p. Calculate the remainder when m is divided by 18.
15
Let j(f) = f. Let k(g) = 3*g - 10. Let c be k(-7). Let y = c - -47. Calculate the remainder when y is divided by j(6).
4
Suppose -7*v + 10*v = -360. Suppose 0*s + s - 4 = 0. Calculate the remainder when (-2)/(-12) - 2260/v is divided by s.
3
Let a = -820 + 839. Calculate the remainder when 222 is divided by a.
13
Let t(r) = -6*r + 338. What is the remainder when t(-60) is divided by 100?
98
Let n(d) = 10*d - 193. Calculate the remainder when 28 is divided by n(21).
11
Let f(u) = u**2 + 15*u + 20. Let t(y) = -13*y**2 + y - 1. Let m be t(-1). Suppose -4*o + 108 = -120. Calculate the remainder when o is divided by f(m).
17
Let l(d) = d**3 - 6*d**2 + 4*d + 5. Let c be l(5). Suppose 5*r - 20 = c, -u - 3*u + 208 = 4*r. What is the remainder when u is divided by 13?
9
Suppose 16*n - 7973 = 747. Calculate the remainder when n is divided by 22.
17
Suppose 45 = 5*k - 5*y, -4*k + 60 + 3 = 5*y. Suppose -65 = -2*m + 71. What is the remainder when m is divided by k?
8
Let s be (5 - 3)*1/(-2). Let u(k) = -k - 1. Let r be u(s). Suppose 3*h = 2*m + 24, r = h - 2*m - 2*m - 18. What is the remainder when 11 is divided by h?
5
Let g be (2/(-6))/((26/24)/(-13)). Suppose -6*s + g*s = -46. What is the remainder when 88 is divided by s?
19
Suppose -3*q - 4*k - 6 = -14, -3*k = -3*q - 6. Suppose 12 = 3*m - q*m. Calculate the remainder when m is divided by 2.
0
Suppose -207 = -12*o + 93. Calculate the remainder when 374 is divided by o.
24
Let l(r) = r**3 + 23*r**2 - r - 17. Let g be l(-23). Suppose 1 - 61 = -g*t. What is the remainder when 17 is divided by t?
7
What is the remainder when 130 is divided by (-10332)/(-328)*(4/3 - 0)?
4
Let o be (-13)/(-4) + (-4)/16. Let z(f) = -o*f**2 + 6*f**3 - 3 - 6*f**3 + 16*f + f**3 + 16*f**2. What is the remainder when z(-10) is divided by 35?
32
Suppose -5*g = -25, -2*t - 2*g + 47 = -g. Suppose f - 6 = -b - 2*f, f - 16 = -5*b. What is the remainder when t is divided by b?
0
Suppose 0 = 3*y + 4 - 25. Suppose -3*h - 5*l = -y*h + 104, 52 = 2*h - 4*l. What is the remainder when h is divided by 2*(-1 + 16/2)?
12
Let g(t) = t + 4. Let c be g(1). Let m = 41 - c. What is the remainder when m is divided by 10?
6
Calculate the remainder when 119 is divided by 4/10 + 412/20.
14
Suppose 5*o - 15 = 5. Let r(z) = 18*z**3 - 5*z + 5. Calculate the remainder when r(1) is divided by o.
2
Let g = 5 - -4. Suppose 2*x = 2*u - 30, -4*x + 13 = 2*u - 5. What is the remainder when (-1 + g)/(-4) - -65 is divided by u?
11
Suppose 0 = 2*p + 5*o - 42, -4*p + 2*p - 2*o = -48. Suppose -3 = -3*l - 9. Calculate the remainder when p is divided by l - 64/(-4)*1.
12
Let q(h) = 2*h + 34. Let w(t) = t**3 + 3*t - 3. Let o be w(3). Let s = o + -15. Calculate the remainder when q(0) is divided by s.
16
Suppose -c - r = -43 - 16, 4*r = 5*c - 331. Calculate the remainder when c is divided by 47.
16
Suppose -4 = -4*t + 8. Suppose 56 = h - 5*p, 216 = t*h - p - 2*p. Suppose r + 3*r = h. Calculate the remainder when r is divided by 11.
8
Let l = -25 + 27. Suppose -6*c + 28 = -l. Calculate the remainder when 20 is divided by c.
0
Let x = 842 + -778. What is the remainder when 1087 is divided by x?
63
Let i(g) be the first derivative of -g**3/3 + 23*g**2/2 - 13*g - 7. What is the remainder when i(9) is divided by 19?
18
Let y(f) = 25*f + 168. Let l = 51 + -14. What is the remainder when y(-4) is divided by l?
31
Suppose -30*d = -32*d - 22. Suppose 0 = -5*x - 103 - 2. Let w = d - x. What is the remainder when w is divided by 6?
4
Let b(g) = -4 + 3 + 9*g**2 - 5*g - 1. Calculate the remainder when b(-3) is divided by 19.
18
Let a = 32 - 90. Let v = a - -84. Calculate the remainder when 154 is divided by v.
24
Let k(b) = 6*b - 5. Let u(q) be the first derivative of q**4/4 + 2*q**3 + 13*q + 2. What is the remainder when k(7) is divided by u(-6)?
11
Suppose -x = -5, 4*x + 246 = 13*w - 12*w. Calculate the remainder when w is divided by 4.
2
Calculate the remainder when 8*4/16*17 is divided by (2/(-8)*2)/(10/(-380)).
15
Let o(j) = j + 22. Suppose 5*p + 283 = 3*q - 19, -8 = 2*p. Suppose 5*v = q + 351. What is the remainder when v is divided by o(1)?
20
Let l(i) = -i + 6. Suppose 4*k + 2*k + 90 = 0. Suppose -2*d = -6*d + 2*a + 38, 4*a - 80 = -5*d. What is the remainder when l(k) is divided by d?
9
Suppose 6048*d = 6050*d - 158. What is the remainder when 946 is divided by d?
77
Suppose -2*t = -3*n - 104, 0 = -2*t + n + 85 + 11. Let b = -5 - -7. Suppose 3*x + 5*p - 26 = 0, 0*p + p = -b. Calculate the remainder when t is divided by x.
10
Let q = 479 + -411. Let a = -46 - -64. What is the remainder when q is divided by a?
14
Let g(l) = 2*l - 7. Let b be g(7). Suppose -1 = -2*x - b. Calculate the remainder when 33 is divided by 2/((-38)/14 - x)